591 a composite number?
False
Is 56891113 a prime number?
True
Is 11232469 composite?
False
Is 93320053 composite?
False
Is 11336761 composite?
False
Is 1492453 a prime number?
True
Is 119043098 a prime number?
False
Is 772045321 a prime number?
True
Is 325581513 a prime number?
False
Is 9134441 a prime number?
True
Is 13226713 a prime number?
True
Is 9149381 prime?
False
Is 56682193 prime?
False
Is 5542007 a prime number?
False
Is 249637307 prime?
False
Is 88139629 composite?
False
Is 78103385 composite?
True
Is 118912741 prime?
True
Is 1167091 composite?
True
Is 58487081 a prime number?
False
Is 28569449 prime?
True
Is 2315881 a composite number?
False
Is 1717063 prime?
True
Is 5153081 a composite number?
True
Is 803623 a composite number?
False
Is 3308351 composite?
True
Is 451783 prime?
True
Is 13497301 composite?
True
Is 1166669 prime?
False
Is 8827847 composite?
True
Is 1910641 prime?
False
Is 151247219 a composite number?
False
Is 296332723 composite?
False
Is 11826647 a composite number?
True
Is 188566071 composite?
True
Is 6181867 a prime number?
False
Is 19406449 a prime number?
True
Is 31753649 composite?
False
Is 4812949 composite?
True
Is 82376561 a composite number?
False
Is 90916697 prime?
False
Is 50842877 prime?
False
Is 1132168145 a composite number?
True
Is 299247629 a composite number?
False
Is 9779969 prime?
True
Is 56503715 a composite number?
True
Is 4150469 composite?
True
Is 817681 a composite number?
True
Is 149918649 a composite number?
True
Is 21355783 a prime number?
True
Is 15762311 a prime number?
False
Is 1595879 a prime number?
False
Is 200044913 a composite number?
False
Is 24646807 prime?
False
Is 53461279 prime?
True
Is 5642143 a prime number?
False
Is 11621191 a prime number?
True
Is 40446613 composite?
False
Is 3736703 a composite number?
True
Is 11157827 composite?
False
Is 206623 a prime number?
True
Is 75474793 a prime number?
False
Is 12949217 composite?
False
Is 24710269 prime?
True
Is 8644073 a composite number?
True
Is 18642809 prime?
True
Is 43905937 a composite number?
True
Is 8071223 composite?
False
Is 87589939 prime?
True
Is 203249843 a composite number?
True
Is 19332959 a composite number?
True
Is 16402121 composite?
False
Is 9824291 prime?
True
Is 2779411 a composite number?
False
Is 353020163 composite?
True
Is 315249667 a composite number?
False
Is 822517 a prime number?
True
Is 6795847 composite?
False
Is 424951 composite?
True
Is 128401521 a composite number?
True
Is 11603687 a composite number?
True
Is 292964753 composite?
True
Is 14863471 composite?
True
Is 265953671 a prime number?
True
Is 16952581 prime?
True
Is 13976593 composite?
True
Is 5790667 a composite number?
False
Is 25170479 composite?
False
Is 2708969 prime?
False
Is 24969949 a composite number?
True
Is 6064729 composite?
True
Is 1025501 a composite number?
True
Is 89753 prime?
True
Is 148370429 a composite number?
False
Is 663419909 a prime number?
True
Is 478648113 a composite number?
True
Is 653617 a composite number?
False
Is 208259195 a prime number?
False
Is 22758233 a prime number?
False
Is 114397901 composite?
True
Is 536006239 a composite number?
False
Is 32628779 composite?
False
Is 13516053 a prime number?
False
Is 1916897 a prime number?
False
Is 56637023 a composite number?
False
Is 602639 prime?
True
Is 24030109 composite?
False
Is 752895799 prime?
False
Is 120019691 a prime number?
False
Is 14491541 prime?
False
Is 30655687 a prime number?
False
Is 60395131 composite?
False
Is 38136403 composite?
True
Is 5695619 a prime number?
True
Is 413374301 prime?
False
Is 9512171 composite?
False
Is 27538919 composite?
False
Is 79909969 a composite number?
False
Is 100102819 composite?
True
Is 72654313 a composite number?
True
Is 2462489 a prime number?
False
Is 74583679 prime?
False
Is 26670173 composite?
False
Is 233719481 a prime number?
False
Is 2987533 prime?
True
Is 1881051 a composite number?
True
Is 106240807 composite?
False
Is 10389661 a composite number?
True
Is 3321401 composite?
False
Is 1124573 prime?
False
Is 41727183 composite?
True
Is 969194 composite?
True
Is 636439 composite?
True
Is 185350409 composite?
False
Is 176736286 a prime number?
False
Is 124601537 a prime number?
True
Is 14548771 prime?
False
Is 4651427 a composite number?
True
Is 560009 a composite number?
True
Is 1008661 prime?
False
Is 3228359 a composite number?
False
Is 6768821 composite?
False
Is 23972687 composite?
False
Is 200427 composite?
True
Is 2083117 prime?
True
Is 143443397 a prime number?
True
Is 32472214 a composite number?
True
Is 1599601 composite?
False
Is 1927271 prime?
True
Is 182718199 prime?
True
Is 427714691 composite?
True
Is 9705499 a composite number?
False
Is 1522321 a composite number?
False
Is 3158297 composite?
False
Is 44760211 a composite number?
True
Is 22041283 a composite number?
True
Is 62574971 prime?
True
Is 177124561 a prime number?
True
Is 10833013 prime?
True
Is 6490139 composite?
False
Is 505861883 composite?
False
Is 278633 a prime number?
False
Is 3359137 a composite number?
True
Is 93421481 a composite number?
True
Is 30286822 a prime number?
False
Is 8239571 prime?
True
Is 5237303 a composite number?
False
Is 5695229 prime?
True
Is 106449781 a composite number?
False
Is 8152579 prime?
True
Is 78310133 a composite number?
True
Is 3571847 a composite number?
False
Is 798367 a prime number?
False
Is 7061333 composite?
False
Is 132262547 composite?
False
Is 5340383 composite?
False
Is 4007429 composite?
False
Is 69262345 a composite number?
True
Is 65325829 prime?
False
Is 9115 composite?
True
Is 11522411 a prime number?
True
Is 153612769 a composite number?
True
Is 4958579 a composite number?
False
Is 51057443 a composite number?
True
Is 13604921 composite?
True
Is 102614 a prime number?
False
Is 113357809 a prime number?
True
Is 1414678505 a prime number?
False
Is 8562595 composite?
True
Is 212686013 prime?
True
Is 17536154 composite?
True
Is 107067439 prime?
True
Is 6426779 a composite number?
True
Is 110190777 composite?
True
Is 1771787 composite?
False
Is 131377 composite?
True
Is 19045687 a composite number?
True
Is 146780969 composite?
False
Is 91683731 a prime number?
True
Is 22652537 a composite number?
True
Is 10295371 a composite number?
False
Is 8824883 prime?
True
Is 327163765 a composite number?
True
Is 91198643 a composite number?
False
Is 10029155 composite?
True
Is 309290461 a prime number?
True
Is 1347481 a composite number?
False
Is 5123177 prime?
True
Is 15377939 composite?
True
Is 14292103 prime?
False
Is 21570781 a prime number?
False
Is 289759 a prime number?
True
Is 812849 a composite number?
False
Is 509863 composite?
False
Is 5902783 a prime number?
True
Is 3798679 a composite number?
True
Is 5889149 composite?
True
Is 45531113 composite?
False
Is 563774 prime?
False
Is 35077571 a composite number?
False
Is 42377749 a prime number?
True
Is 722271917 composite?
False
Is 19524353 prime?
True
Is 14150113 composite?
False
Is 1325089 a prime number?
True
Is 200076211 prime?
False
Is 482179631 a composite number?
False
Is 305332663 prime?
False
Is 2207221 a prime number?
True
Is 22185379 a composite number?
False
Is 41755583 a prime number?
False
Is 7243963 prime?
False
Is 219496279 a prime number?
True
Is 3637781 a composite number?
True
Is 2999851 prime?
True
Is 7958257 composite?
False
Is 111106741 a prime number?
False
Is 141907267 composite?
True
Is 140291 prime?
False
Is 16654301 a composite number?
False
Is 2716621 composite?
True
Is 129341705 composite?
True
Is 4398151 a prime number?
True
Is 3597311 composite?
False
Is 6337153 a composite number?
True
Is 12638719 a prime number?
False
Is 18037529 a prime number?
True
Is 966547 a prime number?
True
Is 1300217 a composite number?
True
Is 1310143 a composite number?
False
Is 29465491 a composite number?
True
Is 66118435 prime?
False
Is 22058687 prime?
False
Is 4783501 composite?
False
Is 267942431 a composite number?
False
Is 4005411 prime?
False
Is 195564323 a composite number?
False
Is 16097119 composite?
True
Is 57679 composite?
False
Is 24395087 prime?
True
Is 93736549 a prime number?
True
Is 6760801 prime?
True
Is 1160519 a composite number?
False
Is 30742643 a composite number?
False
Is 61418509 a prime number?
